 0 = 13*v - 17*v - 2*b + 14. Let k(d) = -9*d**2 + 2. Determine k(v).
-34
Let v(l) = -2*l + 17. Let u be v(9). Let d(w) be the second derivative of w**8/1680 + w**4/12 - 2*w. Let o(j) be the third derivative of d(j). Determine o(u).
-4
Suppose 1300 = -7*l + 1293. Let g(x) = x**3 + x**2 + x + 1. Give g(l).
0
Let p(s) = -4*s**3 - 3*s**2 - s. Let a(u) = u + 7*u**2 + u + 8*u**3 + 0*u**3. Let j(z) = 3*a(z) + 7*p(z). Calculate j(-1).
5
Suppose f + 280 = -27*f. Let o(d) = 5*d + 25. Give o(f).
-25
Let o(j) = -17*j**2 - j - 2. Let k(s) = 10*s**2 + 1. Let h(g) = 5*k(g) + 3*o(g). Determine h(-6).
-19
Suppose -16*a - 36 = -13*a. Let x(w) = w + 6. What is x(a)?
-6
Let j = 820 - 814. Let n(w) = -3*w + 0 - 3*w - 2*w**2 + 3*w**2 - 1. What is n(j)?
-1
Let l(g) = -35 - 11*g**2 + 5*g**3 + 52 - 5*g**3 - 9*g - 3*g**3 + 2*g**3. Calculate l(-10).
7
Let m(u) = -u**2 + 7*u - 9. Let y(x) = 2*x**2 + 3. Let i be y(0). Give m(i).
3
Let m(o) = o + 2*o**3 + 5*o - 5 - 7*o**2 - 6*o**3 - 3*o**3. Let l(z) = 8*z**3 + 8*z**2 - 7*z + 5. Let g(b) = -6*l(b) - 7*m(b). What is g(0)?
5
Let g(b) = 4*b**3 - 17*b**2 - 6*b + 16. Let f(n) = -7*n**3 + 34*n**2 + 11*n - 32. Let j(u) = 3*f(u) + 5*g(u). Determine j(17).
35
Let a be (2/8)/((-30)/(-840)). Let m(y) = y**3 - 6*y**2 - 8*y - 3. Give m(a).
-10
Let g(b) be the third derivative of -b**4/4 + b**3/6 + b**2. Let h be (-402)/7 - (-3)/7. Let u = 56 + h. Give g(u).
7
Let x(k) = 5*k - 2 - 2 + 5 - 4*k. Let g be -1 - (-4)/(5 - 1). Determine x(g).
1
Let f(i) be the third derivative of i**6/120 + 3*i**5/20 + 5*i**4/12 + 11*i**3/6 - 3*i**2. Suppose -20*v + 17*v - 24 = 0. Calculate f(v).
-5
Let f = 589 + -577. Let y(m) = -m**3 + 12*m**2 - 4*m + 23. Give y(f).
-25
Let q(y) = 2*y - 5. Let a(o) = -4*o + 1. Let k be a(-2). Let z = 0 + k. Let j(p) = 3*p - 9. Let g(v) = z*q(v) - 5*j(v). Determine g(-1).
-3
Let v(y) be the third derivative of 0*y - 6*y**2 + 1/60*y**5 + 0*y**4 + 0 - 1/6*y**3. Let j = -6 - -10. What is v(j)?
15
Let g(n) = -11*n**2 - 9*n + 2. Let o(k) = 18*k**2 + 19*k - 3. Let l(s) = 5*g(s) + 3*o(s). Calculate l(10).
21
Let t = -256 - -256. Let d(b) = -b**2 + b + 16. Give d(t).
16
Let i(c) = -13*c + 1. Let j(y) be the third derivative of -y**5/60 + 7*y**4/12 - 16*y**3/3 - 49*y**2. Let f be j(11). Determine i(f).
-12
Let m = 34 + -14. Let g = m + -14. Let z(y) = 9*y - 5. Let f(k) = -5*k + 2. Let w(q) = 5*f(q) + 3*z(q). What is w(g)?
7
Let f(v) = -v**3 + 8*v**2 - 9*v + 1. Let k be -5*(18/40)/(3/(-8)). Calculate f(k).
19
Let b(t) = -9*t**3 - 13*t + 6 + 8 - 7. Let g(h) = 5*h**3 + 7*h - 4. Let j(a) = 6*b(a) + 11*g(a). Let u = -13 + 11. Calculate j(u).
-8
Suppose 3*t - 14 = v - 2*t, -v = 4*t - 13. Let y(i) = 32*i - 1. What is y(v)?
31
Suppose 9*d - 8 = 5*d. Let i(v) = -d*v - 6 + 2 + 4*v - 3*v. Suppose 0 = -l + 5*l. What is i(l)?
-4
Let a(r) = 3*r**2 + 3*r + 2. Let f be a(-1). Suppose 5 = d - f*z + 7, -3*z - 6 = -3*d. Suppose v - d = l, 6*v = -3*l + 3*v. Let y(o) = o + 1. Give y(l).
-2
Let s = -12 + 0. Let c be (3 + (1 - (-20)/(-8)))*-6. Let o = s - c. Let t(f) = 3*f + 1. Determine t(o).
-8
Let l = 0 + 2. Let a be (-4)/6 + (-490)/(-15). Let h(y) = -2 + a*y**2 + 34*y**2 - 68*y**2. Give h(l).
-10
Let l(q) = -q + 1. Let n(w) = w**2 - 3*w + 11. Let h(m) = -4*l(m) + n(m). Calculate h(0).
7
Let u(i) be the third derivative of i**6/120 + i**5/20 - i**4/12 + 5*i**3/6 - i**2 + 69*i. What is u(-4)?
-3
Let y be (-1)/(1 - (-12)/(-15)). Let q(r) be the second derivative of -1/6*r**3 - 4*r + 0 - 3/2*r**2. What is q(y)?
2
Let l(v) = -20*v - 1. Suppose 19 = s - 5*b, -s + 4*b + 17 = 2. Calculate l(s).
19
Let j(k) = k**3 - 5*k**2 + 4*k. Let r be j(4). Let y(s) = -2 - 4 + 2*s - 3*s + r. Give y(-8).
2
Let p(k) = k**2 - 13*k - 5. Suppose 3*f - 23 = -5*z, -82*f = -80*f + 5*z - 17. What is p(f)?
-47
Suppose -2*c + 0*c + 8 = 0, 0 = 2*j - 5*c + 12. Let u(l) = -3*l + 6. Let p(o) = -8*o + 17. Let t(q) = j*p(q) - 11*u(q). Let i = -5 - -7. What is t(i)?
4
Let v(y) be the third derivative of y**6/120 + y**5/15 + y**4/24 + y**3/3 + 29*y**2. Let l be (-66)/18 - 2/6. Calculate v(l).
-2
Let u(o) = o**2 - 4*o + 2. Let c be u(5). Suppose 2*p + 5*f + 16 = 0, -3*p = 2*f - 0*f + 2. Let w(q) = 0*q**p + 3 - 4 + 0*q**2 + c*q - q**2. Calculate w(6).
5
Let v(n) = -n**2 - 10*n - 15. Let j be v(-9). Let u(a) = 5*a + 9. Determine u(j).
-21
Suppose -3*q + 4*f = 9, 0 = -5*q - 2*f + 5*f - 26. Let g be ((-8)/(-14))/((-19)/q - 3). Let p(n) = n**3 - 1. What is p(g)?
-9
Let p(n) be the third derivative of -n**6/120 - n**5/10 - n**4/4 - n**3/6 - 22*n**2 - 5*n. What is p(-5)?
4
Let u(x) = x**2 - 5*x - 8. Let a be u(6). Let w(h) = -24 - 20 + 45 - 2*h**3 - 3*h**2. Calculate w(a).
5
Let p(g) = -3*g - 5. Suppose -44 = -12*j + j. Determine p(j).
-17
Let p(x) be the third derivative of x**5/60 - 3*x**4/8 + 5*x**3/6 - 11*x**2. Let m be p(9). Let g(w) = 5*w**3 + 6*w**3 + m - 4. What is g(1)?
12
Let i(w) be the third derivative of 3*w**5/10 + w**4/24 - w**3/6 + 67*w**2. Calculate i(1).
18
Let w(m) = -2*m - 4. Let n(o) = 3*o + 7. Let j(v) = n(v) + 3*w(v). Determine j(-4).
7
Let c(h) = h**2 - 3*h - 1. Let k be 7/((-2 - -3)/1). Let q be k + -7 - 8/(-2). Suppose 2*v - 5*z = 23, 4*v + q*z + 16 = 5*v. Give c(v).
3
Let t(q) = 2*q**2 - 23*q + 76. Let y be t(5). Let g(v) = 7*v - 75. Calculate g(y).
2
Let d(l) = 2*l + 25. Let v(c) = -c - 12. Let m(x) = -2*d(x) - 5*v(x). Determine m(-3).
7
Suppose 3*f - 2*o = -12, -8 - 8 = 4*f - 2*o. Let c = 52 + -45. Let s(i) = c*i + 0*i**2 + 5 - i**2 + 2*i**2 + 0*i**2. Calculate s(f).
-7
Let x(j) = j**3 + 8*j**2 + 3*j - 13. Let y be x(-7). Let k be (-10)/y + (-42)/18. Let l(h) = 1 - 5*h - 3*h - h**2 + 5*h. What is l(k)?
1
Suppose 5*f - 2*i + 16 + 4 = 0, -2*i = 10. Let r(q) = q**3 + 5*q**2 - 6*q + 7. Give r(f).
7
Let b(t) = t**2 - 9*t. Let g(a) = a**3 - 3*a**2 - 16*a - 6. Let r be g(6). What is b(r)?
-18
Let l(c) be the third derivative of -c**4/24 + c**3/2 - 702*c**2. Give l(7).
-4
Let y(d) = -d**3 - 6*d**2 - 3. Suppose 2*w - 7 - 3 = 0. Let n be (-9)/w*(-10)/3. Suppose n = 2*b - 3*b. What is y(b)?
-3
Suppose -2*a = -0*a - 3*m + 3, -2*m = -2*a. Suppose 0 = -a*p + 2*p + 7. Let d(z) = 4*z + p - 1 - 3 - 6*z + 2*z**2. What is d(3)?
15
Let j(c) = 4*c - 17. Suppose -2*m + 30 = 5*q, -80 + 49 = -3*m - 4*q. Calculate j(m).
3
Let b(l) = 2*l**2 + 9*l - 7. Let h(g) = -g**2 - 4*g + 3. Let x(q) = q + 2. Let c be x(-7). Let w(f) = c*h(f) - 2*b(f). What is w(1)?
2
Let b(g) = -64*g**3 - 24*g**2 + 5*g - 8. Let j(y) = 43*y**3 + 15*y**2 - 3*y + 5. Let v(l) = -5*b(l) - 8*j(l). What is v(1)?
-25
Let x(q) = q**2 + 13*q + 15. Let o be (-3)/2*(-330)/(-45). What is x(o)?
-7
Let p(q) = -2882*q**2 + q**3 + 12*q - 2*q**3 + 6*q + 2889*q**2. Give p(9).
0
Let m(t) = -3*t**2 - 3*t + 4. Let v(u) = 8*u**2 + 7*u - 9. Let a(i) = -5*m(i) - 2*v(i). Determine a(-3).
-14
Let z(g) = 0*g**2 + 39 - 2*g - 38 + 12*g**2. What is z(1)?
11
Let j(r) = -r**2 - 3*r + 7. Let i be j(-4). Let g(q) = 1 + q**2 + 11*q + 18*q - 31*q - 11*q**i. Determine g(1).
-11
Let w(v) = -15*v**2 - v + 16 - 19*v**3 + 18*v**3 - 4 - 32 - 14*v. Calculate w(-14).
-6
Let r(a) = 2*a**2 + 15*a + 5. Let i(n) = -n**2 - 7*n + 1. Let s(g) = 7*i(g) + 3*r(g). Calculate s(-7).
1
Let h(f) be the second derivative of 12*f + 1/2*f**2 - 3/20*f**5 + 0 + 0*f**3 - 1/12*f**4. Let g(u) = -u - 6. Let i be g(-5). Give h(i).
3
Let v(w) = w**3 - 7*w**2 + 5*w + 7. Suppose 14 = -m + 20. Calculate v(m).
1
Let k(s) be the third derivative of -s**5/12 + s**4/3 - s**3/2 + 7*s**2. Let c(t) = t**2. Let y(z) = 4*c(z) + k(z). Let j be (-14)/(-4)*(-3 - -5). Give y(j).
4
Let p(d) = 26*d**2 - 4*d - 14*d**2 - 4 - 13*d**2 - 2*d. What is p(-4)?
4
Let q(j) = 7*j + 1. Let w = -3 + 3. Suppose -1 = -p + z + 3, w = -4*p - 3*z + 23. Suppose 3*y = 3*n - 5 + 2, p*n + 4*y + 13 = 0. What is q(n)?
-6
Let a(k) be the third derivative of k**6/120 - k**5/30 - k**4/4 + k**3 + 2*k**2. Let g be a(3). Let j(x) = 2*x + 1 - 3*x + 3*x. What is j(g)?
-5
Let b(d) = -3*d + 11. Let r(m) = -3*m**2 + 56*m - 41. Let f be r(18). Give b(f).
26
Let s(c) = -c**3 - 8*c**2 + 3*c + 10. Suppose 259*k - 256*k = -24. What is s(k)?
-14
Let p(l) = 11*l - 1. Suppose -77*i + 80*i - 6 = 0. Let j(c) = -c**3 + c**2 + 5*c - 5. Let k be j(i). Give p(k).
10
Let l(k) = 7*k + 2*k - 9 - 4*k**2 + 5*k**2 + 16. Let b be l(-8). Let c(x) = 3*x**3. Give c(